 and 165?
15
Calculate the greatest common divisor of 49940 and 660.
220
What is the highest common factor of 11660 and 25069?
583
What is the highest common divisor of 880928 and 32?
32
Calculate the highest common factor of 3 and 248463.
3
What is the highest common divisor of 16629 and 69?
69
Calculate the greatest common divisor of 399 and 6555.
57
Calculate the highest common divisor of 24888 and 192.
24
Calculate the greatest common divisor of 18 and 41214.
6
Calculate the highest common factor of 1623 and 5658860.
541
Calculate the highest common factor of 70503 and 2317.
331
Calculate the greatest common divisor of 62856 and 9558.
162
Calculate the highest common factor of 103987 and 3368.
421
Calculate the greatest common divisor of 318762 and 162.
54
Calculate the highest common factor of 237316 and 395.
79
Calculate the greatest common divisor of 2094003 and 4473.
639
Calculate the highest common factor of 91 and 125307.
91
Calculate the highest common factor of 2134632 and 174.
174
What is the highest common divisor of 18 and 8874?
18
Calculate the highest common factor of 37200 and 72300.
300
What is the greatest common divisor of 3147075 and 591?
591
Calculate the greatest common divisor of 6675328 and 11.
11
Calculate the greatest common factor of 16 and 92756.
4
Calculate the greatest common divisor of 72 and 3870.
18
Calculate the greatest common factor of 17514 and 2430.
18
Calculate the greatest common divisor of 548625 and 165.
165
Calculate the greatest common divisor of 12924 and 48.
12
What is the greatest common divisor of 20 and 18590?
10
Calculate the highest common factor of 556 and 275915.
139
What is the highest common divisor of 24310 and 68?
34
Calculate the highest common divisor of 18010 and 534897.
1801
What is the greatest common divisor of 55 and 136499?
11
What is the greatest common divisor of 272752 and 16?
16
Calculate the highest common factor of 17227 and 56.
7
What is the highest common divisor of 1916 and 10268?
4
Calculate the highest common factor of 228 and 48.
12
Calculate the highest common divisor of 12 and 250647.
3
Calculate the greatest common divisor of 1990099 and 328.
41
Calculate the greatest common factor of 3336 and 2140878.
834
Calculate the highest common divisor of 133190 and 893.
19
Calculate the highest common divisor of 11 and 13901.
1
What is the highest common factor of 2000 and 26400?
400
Calculate the greatest common divisor of 6 and 28791.
3
What is the greatest common divisor of 116439 and 1221?
111
Calculate the highest common factor of 182185 and 4150.
415
Calculate the highest common divisor of 1152 and 6966.
18
What is the greatest common factor of 72677 and 99?
11
What is the highest common factor of 3192 and 126?
42
What is the greatest common divisor of 1208 and 436994?
302
What is the greatest common divisor of 70 and 95662?
14
What is the highest common divisor of 168 and 6447?
21
What is the highest common factor of 45 and 561915?
45
What is the greatest common factor of 579276 and 108?
36
What is the highest common divisor of 181959 and 3144?
393
Calculate the highest common divisor of 28959 and 294.
147
Calculate the highest common factor of 13824 and 3276.
36
What is the greatest common divisor of 98211 and 19?
19
What is the greatest common divisor of 121615 and 130?
65
Calculate the greatest common factor of 262 and 76897.
131
Calculate the highest common factor of 1470425 and 11.
11
What is the greatest common factor of 140 and 2446738?
14
What is the highest common factor of 5424 and 82038?
678
Calculate the greatest common factor of 3833 and 5.
1
Calculate the highest common divisor of 50 and 65070.
10
What is the highest common divisor of 18 and 689454?
18
What is the greatest common divisor of 33912 and 216?
216
What is the highest common factor of 24 and 73554?
6
What is the highest common factor of 153 and 258264?
153
What is the highest common divisor of 2104855 and 680?
85
Calculate the highest common factor of 15370 and 40.
10
Calculate the highest common factor of 2 and 133605.
1
What is the greatest common divisor of 1074 and 5728?
358
What is the greatest common divisor of 1155 and 61635?
105
Calculate the greatest common divisor of 238167 and 27.
27
Calculate the greatest common factor of 13818 and 28371.
147
What is the greatest common factor of 28 and 110495?
7
What is the highest common divisor of 537254 and 826?
118
Calculate the highest common factor of 11984 and 2976526.
1498
What is the greatest common factor of 10712 and 689?
13
What is the highest common divisor of 433054 and 6?
2
Calculate the greatest common factor of 23363 and 2681.
383
Calculate the greatest common factor of 1382 and 2.
2
Calculate the greatest common divisor of 2002 and 65702.
182
Calculate the highest common divisor of 44229 and 7051.
641
What is the highest common factor of 118764 and 252?
36
Calculate the greatest common divisor of 27 and 909.
9
What is the greatest common divisor of 175054 and 438?
146
What is the highest common factor of 28952 and 22?
22
Calculate the greatest common factor of 160 and 38485.
5
What is the highest common factor of 4495 and 57565?
145
What is the greatest common divisor of 7130 and 97060?
230
Calculate the greatest common divisor of 34000 and 6120.
680
What is the greatest common factor of 151368 and 1961?
53
Calculate the highest common factor of 10 and 35575.
5
What is the highest common divisor of 5379 and 825?
33
Calculate the greatest common divisor of 8 and 294184.
8
Calculate the greatest common divisor of 6185 and 1202364.
1237
What is the highest common factor of 1438 and 86?
2
What is the highest common factor of 3712 and 13688?
232
What is the greatest common factor of 14300 and 568150?
550
What is the greatest common factor of 13 and 26377?
13
Calculate the highest common divisor of 55783 and 13.
13
Calculate the highest common factor of 11029 and 3497.
269
Calculate the greatest common factor of 419846 and 378.
14
Calculate the highest common factor of 6 and 26031.
3
What is the greatest common factor of 2943151 and 4306?
2153
What is the highest common factor of 1935 and 75?
15
Calculate the greatest common divisor of 479782 and 164.
82
Calculate the highest common divisor of 1701 and 903.
21
Calculate the greatest common divisor of 25886 and 1376.
86
Calculate the highest common factor of 1462354 and 3306.
1102
What is the greatest common divisor of 3919195 and 70?
35
Calculate the highest common divisor of 4048 and 5720.
88
What is the highest common factor of 236 and 3077794?
118
Calculate the greatest common factor of 1635 and 39.
3
What is the highest common factor of 8544 and 11481?
267
Calculate the greatest common factor of 1044446 and 2780.
278
Calculate the highest common factor of 2604 and 10164.
84
Calculate the greatest common divisor of 201416 and 1496.
136
Calculate the greatest common factor of 25623 and 975.
39
Calculate the highest common factor of 487433 and 543.
181
What is the greatest common factor of 1068 and 4806?
534
Calculate the highest common factor of 19720 and 238.
34
What is the greatest common factor of 13294 and 76874?
578
What is the greatest common factor of 510515 and 5?
5
Calculate the highest common factor of 204 and 1668.
12
What is the greatest common divisor of 59871 and 441?
21
Calculate the greatest common divisor of 860176 and 1184.
592
What is the greatest common factor of 3 and 68721?
3
Calculate the greatest common factor of 39114 and 16854.
318
Calculate the greatest common factor of 150 and 144405.
15
What is the greatest common divisor of 3372 and 736782?
1686
What is the greatest common factor of 191 and 694858?
191
What is the highest common divisor of 156 and 569907?
39
What is the greatest common divisor of 3445 and 36040?
265
Calculate the highest common divisor of 43960 and 12874.
314
Calculate the highest common divisor of 5149 and 2565.
19
Calculate the greatest common factor of 2317 and 1351.
7
What is the highest common divisor of 16500 and 541500?
1500
Calculate the greatest common factor of 45177 and 2331.
111
Calculate the highest common factor of 105270 and 5555.
55
Calculate the highest common divisor of 93765 and 45.
15
What is the greatest comm